- 110. Give n(-12).
-2
Let o(i) = 10*i**2 + 667*i + 1732. What is o(-64)?
4
Let t(l) = l**3 - 13*l - 30. Determine t(-5).
-90
Let x(c) = 51*c - 543. Calculate x(10).
-33
Let f(a) = -6*a**2 + 17*a - 107. Give f(6).
-221
Let z(f) = f**3 + 37*f**2 - 112*f - 4. Calculate z(3).
20
Let k(z) = -3*z**3 - 50*z**2 + 254*z + 17. Give k(5).
-338
Let t(p) = -p**3 - 31*p**2 - 32*p + 180. Determine t(-30).
240
Let s(m) = m**2 + 51*m - 1993. Determine s(-66).
-1003
Let x(t) = -t**3 - t**2 + 679*t + 7. Give x(0).
7
Let s(q) = q**3 - 273*q**2 + 4827*q - 258. Determine s(254).
-4
Let h(x) = -16*x**2 + 62*x - 40. What is h(3)?
2
Let d(j) = j**3 + 11*j**2 + 28*j - 2. What is d(-5)?
8
Let w(i) = -3*i**3 - 30*i**2 + 26*i - 26. Give w(-11).
51
Let v(o) = 10*o + 15. Give v(-2).
-5
Let n(g) = -9*g**2 + 3*g - 7. Determine n(1).
-13
Let m(t) = 2*t**3 + 18*t**2 + 37*t + 480. Calculate m(-9).
147
Let k(m) = 21*m - 75. What is k(7)?
72
Let h(t) = -104*t + 529. Give h(5).
9
Let c(h) = -9*h + 1686. Give c(187).
3
Let o(j) = -j**3 + 9*j**2 + 11*j - 47. What is o(9)?
52
Let o(p) = -170*p**2 + 22*p - 47. Calculate o(2).
-683
Let g(y) = -5*y - 303. Determine g(-67).
32
Let a(m) = 40*m - 3252. Give a(81).
-12
Let k(i) = -4*i**2 - 64*i - 2. Determine k(-21).
-422
Let x(l) = -l**3 - 22*l**2 - 63*l - 132. What is x(-19)?
-18
Let o(u) = -50*u**2 + 49*u - 3. What is o(1)?
-4
Let d(y) = -15*y - 174. Give d(-18).
96
Let a(l) = 3*l**2 - 12*l + 20. What is a(7)?
83
Let y(k) = -50*k**2 + 21*k + 22. Determine y(-1).
-49
Let p(o) = o**3 + 5*o**2 + 316*o + 625. What is p(-2)?
5
Let k(v) = -339*v - 1049. Calculate k(-3).
-32
Let s(z) = -17*z + 141. Give s(-6).
243
Let o(z) = -2*z**3 + 38*z**2 - 63*z - 35. Calculate o(17).
50
Let d(s) = s**3 + 30*s**2 + 44. Calculate d(-30).
44
Let w(z) = z**3 - 65*z**2 + 179*z + 393. What is w(62)?
-41
Let a(h) = 183*h - 8188. Give a(44).
-136
Let t(r) = -r**3 - 210*r**2 + 125*r - 18159. Give t(-211).
-13
Let q(b) = -45*b + 504. What is q(11)?
9
Let d(g) = -g**3 - 378*g**2 - 13225*g - 136. Calculate d(-39).
20
Let u(i) = 5*i**3 - 17*i**2 - 9*i + 40. What is u(5)?
195
Let w(k) = k**2 - 17*k + 25. Calculate w(5).
-35
Let t(y) = 172*y + 493. Determine t(-3).
-23
Let c(a) = a**3 - 11*a**2 - 26*a + 287. Determine c(11).
1
Let w(h) = -3087*h + 21617. Determine w(7).
8
Let r(b) = 20*b**2 + 46*b + 5. Determine r(-2).
-7
Let f(g) = -38*g + 119. Calculate f(3).
5
Let c(m) = 27*m - 260. Calculate c(8).
-44
Let h(u) = u**2 + 28*u + 96. Give h(-24).
0
Let z(l) = 251*l + 2246. What is z(-9)?
-13
Let d(h) = -2*h**2 + 108*h + 10095. Calculate d(103).
1
Let f(o) = -1936*o**2 - 15487*o + 5. What is f(-8)?
-3
Let v(o) = -29*o**2 + 55*o - 87. Calculate v(2).
-93
Let d(g) = g**2 - 64*g + 570. Give d(13).
-93
Let g(b) = -57*b**2 - 290*b - 22. Calculate g(-5).
3
Let f(t) = -42*t**2 - 2430*t + 354. What is f(-58)?
6
Let y(w) = -w**3 - 10*w**2 - 10*w - 8. Give y(-9).
1
Let g(a) = a**3 - 26*a**2 + 24*a + 6. Calculate g(25).
-19
Let d(m) = 143*m - 15572. Determine d(109).
15
Let q(o) = -53*o + 31. Give q(2).
-75
Let y(x) = -x**3 + 5*x**2 + 42*x - 9. Give y(9).
45
Let i(h) = h**2 + 20*h + 256. Give i(-20).
256
Let l(i) = -i**2 - 45*i + 32. What is l(-48)?
-112
Let z(k) = -2*k**2 + 18*k - 29. Determine z(6).
7
Let x(n) = -n**3 - 20*n**2 - 56*n - 1084. Determine x(-20).
36
Let q(u) = -u**2 - 57*u + 219. Determine q(-68).
-529
Let h(d) = -23*d - 374. Determine h(-17).
17
Let j(a) = -a**3 - 40*a - 243. Give j(-5).
82
Let u(a) = -a**3 - 23*a**2 + 66*a - 172. What is u(-26)?
140
Let p(m) = 9*m**2 + 216*m + 45. Give p(-22).
-351
Let p(l) = -4*l**2 - 281*l + 109. Calculate p(-71).
-104
Let b(v) = 6*v**3 - 14*v**2 + 17*v - 2. Calculate b(5).
483
Let h(d) = d**3 + 38*d**2 - 108*d - 1131. Determine h(-40).
-11
Let p(x) = -114*x - 20969. Determine p(-184).
7
Let w(b) = b**3 + 17*b**2 - 61*b - 763. Calculate w(-18).
11
Let d(q) = q**3 - 16*q**2 - 33*q - 3. Calculate d(16).
-531
Let z(d) = 83*d + 3556. Calculate z(-43).
-13
Let x(f) = f**3 - 15*f**2 - 283*f - 64. Determine x(-11).
-97
Let c(o) = -o**2 - 975*o - 13459. Give c(-14).
-5
Let v(u) = 64*u + 390. Determine v(-6).
6
Let h(q) = 2*q**3 + 4*q**2 - 65*q - 132. Calculate h(-2).
-2
Let s(i) = -2*i**2 + 46*i - 38. Give s(20).
82
Let h(z) = -3*z**2 - 21*z + 56. What is h(2)?
2
Let f(v) = 290*v - 539. Calculate f(2).
41
Let g(l) = -11*l**3 + 16*l**2 - 17*l + 3. Give g(1).
-9
Let x(o) = 15*o**2 - 354*o + 58. Calculate x(23).
-149
Let r(g) = g**3 + 6*g**2 - 10*g - 23. Give r(-7).
-2
Let r(z) = z**3 - 23*z**2 + 54*z - 321. Calculate r(21).
-69
Let a(i) = -i**3 - 80*i**2 - 1021*i + 207. Calculate a(-64).
15
Let b(p) = p**2 + 21*p + 82. Determine b(-16).
2
Let o(m) = 23*m + 55. What is o(-5)?
-60
Let x(p) = 840*p + 7540. Calculate x(-9).
-20
Let n(i) = 3*i**3 - i**2 - 6*i + 4. What is n(2)?
12
Let h(z) = -3*z**2 - 409*z + 826. Determine h(2).
-4
Let h(j) = j**2 + 371*j + 15480. Calculate h(-48).
-24
Let k(s) = -2*s**2 - 25*s - 51. What is k(-11)?
-18
Let w(x) = 2*x**3 - 44*x**2 - 7*x + 50. Determine w(22).
-104
Let i(y) = -17*y + 871. Give i(51).
4
Let i(y) = -3*y + 29. Calculate i(18).
-25
Let h(y) = -2*y**3 - 18*y**2 + 32*y + 289. What is h(-9)?
1
Let x(o) = 2*o**3 - 27*o**2 + 107. Determine x(14).
303
Let o(b) = b**3 - 4*b**2 - 125*b + 167. Determine o(-10).
17
Let n(y) = 417*y + 26303. Determine n(-63).
32
Let k(i) = i**3 + 14*i**2 - 45*i - 285. What is k(-17)?
-387
Let t(x) = -38*x**2 - 1173*x + 154. Calculate t(-31).
-1
Let g(o) = -491*o + 3163. Calculate g(6).
217
Let w(t) = 23*t**2 - 251*t - 3. Determine w(11).
19
Let n(m) = -59*m - 800. Give n(-13).
-33
Let f(s) = -18*s**2 - 105*s - 14. Calculate f(-5).
61
Let f(g) = 16*g - 1220. Give f(76).
-4
Let r(k) = 2*k**3 - 16*k**2 - 3*k - 71. What is r(8)?
-95
Let a(q) = 284*q + 1491. Give a(-5).
71
Let r(d) = d**3 - 4*d**2 - 23*d. Calculate r(7).
-14
Let z(b) = -71*b - 1604. Give z(-15).
-539
Let h(k) = k**3 - 3*k**2 + 457*k - 2333. Calculate h(5).
2
Let o(n) = -1640*n + 7559. Give o(5).
-641
Let o(p) = -608*p + 1228. Calculate o(2).
12
Let g(h) = h**2 + 186*h - 960. Determine g(-191).
-5
Let q(t) = 36*t - 17. Give q(-2).
-89
Let d(b) = -b**2 - 26*b - 35. Give d(-25).
-10
Let r(n) = -3*n + 90. Calculate r(25).
15
Let v(m) = -420*m**2 + 2*m + 3. Give v(1).
-415
Let v(c) = -c**2 + 3*c + 380. Determine v(21).
2
Let r(i) = -64*i - 73. Calculate r(-2).
55
Let k(g) = -g**2 + 29*g + 49. Give k(31).
-13
Let f(q) = 3*q**2 - 15*q - 19. Calculate f(7).
23
Let x(u) = 104*u**2 + 52*u - 48. Give x(-1).
4
Let g(c) = 2*c**2 + 1403*c + 6972. Give g(-5).
7
Let q(j) = 7*j**3 + 2*j**2 - 18*j + 35. Calculate q(2).
63
Let s(g) = g**3 - 14*g**2 + 21*g + 47. What is s(12)?
11
Let f(k) = k**3 - 16*k**2 + 27*k + 5. Calculate f(12).
-247
Let g(w) = -w**2 + 186*w - 545. Determine g(3).
4
Let b(a) = -43*a + 45. What is b(6)?
-213
Let v(o) = -2*o**2 - 91*o - 478. Calculate v(-6).
-4
Let p(b) = -b**3 + 3*b**2 + 390*b + 41. What is p(-18)?
-175
Let x(b) = 669*b - 38756. What is x(58)?
46
Let n(v) = -44*v**2 - 7217*v - 118. Give n(-164).
46
Let t(u) = -4*u**3 - 36*u**2 + 89*u + 4. What is t(-11)?
-7
Let p(z) = -2*z**3 + 127*z**2 - 66*z + 195. What is p(63)?
6
Let h(z) = -115*z - 110. Calculate h(3).
-455
Let a(o) = o**3 + 609*o**2 + 1811*o - 15. What is a(-3)?
6
Let z(u) = -264*u + 282. Calculate z(1).
18
Let k(h) = h**3 + 118*h**2 + 329*h + 68286. Determine k(-120).
6
Let r(t) = -10*t**3 + 9*t - 9. Determine r(1).
-10
Let q(x) = 118*x + 498. Determine q(-4).
26
Let x(y) = 22*y**2 - 80*y - 81. Give x(-1).
21
Let y(f) = 4*f**2 + 344*f - 1804. Determine y(5).
16
Let g(z) = z**3 - 155*z**2 - 306*z + 23396. What is g(156)?
-4
Let w(u) = 7*u**3 + 9*u + 8. What is w(0)?
8
Let h(l) = -2*l**3 - 48*l**2 - 2*l - 270. What is h(-24)?
-222
Let f(t) = 3*t**3 + 52*t**2 + 48*t + 447. Calculate f(-17).
-80
Let z(p) = -25*p**2 - 100*p - 8. What is z(-4)?
-8
Let i(g) = -7*g**2 - 48*g + 60. What is i(1)?
5
Let v(d) = -275*d + 13. Determine v(0).
13
Let c(l) = -62*l + 468. Calculate c(8).
-28
Let j(y) = -y**3 + 5*y**2 - 9*y - 18. Calculate j(-4).
162
Let i(o) = 555*o - 3336. Determine i(6).
-6
Let v(s) = -250*s - 2713. Give v(-11).
37
Let p(o) = -96*o + 1150. Give p(12).
-2
Let y(t) = 43*t + 406. What is y(-8)?
62
Let k(g) = -4*g**2 - 185*g + 597. Calcu